 4, what is 223022030120 + 11?
223022030131
In base 8, what is 5262176 + 323?
5262521
In base 9, what is -17110 - 586?
-17706
In base 9, what is 2438678 + 1?
2438680
In base 11, what is 7 - -6702a3?
6702aa
In base 3, what is 1110210012112100220 + 2?
1110210012112100222
In base 16, what is -4105c8 + -1?
-4105c9
In base 13, what is 27a85 - 653?
27432
In base 15, what is -2c0 + -7904b?
-7931b
In base 11, what is 57366837 + 5?
57366841
In base 4, what is -21033130113 - 0?
-21033130113
In base 8, what is -7 + 121206?
121177
In base 14, what is b - -1858d7?
185904
In base 2, what is 10010000010110010110111100111 + -100?
10010000010110010110111100011
In base 11, what is 85 + 1534a13?
1534a98
In base 5, what is -4 + -434401211343?
-434401211402
In base 5, what is 40 + -12000224?
-12000134
In base 11, what is 995 + 30735?
3161a
In base 3, what is -101011202121 + 10002110?
-101001200011
In base 15, what is 90c66 + 21?
90c87
In base 10, what is -3723946 - 4?
-3723950
In base 5, what is -1121003 + -142102?
-1313110
In base 7, what is 161053036 + 143?
161053212
In base 12, what is -1233b + 2a77?
-b484
In base 5, what is -1 - 144122431332?
-144122431333
In base 7, what is -3 + 33461166?
33461163
In base 3, what is 11221120 + 22001220?
111000110
In base 14, what is 4dcd7 - -31?
4dd28
In base 12, what is 78 + -6515?
-6459
In base 16, what is 0 - 11a34d2?
-11a34d2
In base 7, what is -1105240 - -453?
-1104454
In base 10, what is 201159 - -17?
201176
In base 3, what is 0 + -1010222200121012?
-1010222200121012
In base 10, what is 206353635 + 2?
206353637
In base 10, what is 41790 + 223?
42013
In base 4, what is 122010012002 + 11?
122010012013
In base 6, what is 20344 + -1134444?
-1114100
In base 3, what is 2 + 2010220102000?
2010220102002
In base 11, what is 296114 - -10?
296124
In base 9, what is -38 + 1070081?
1070042
In base 7, what is 4 - -1433100051?
1433100055
In base 16, what is 53 - -11ee02?
11ee55
In base 3, what is 1022021010122 + -11?
1022021010111
In base 7, what is 0 - -104265353?
104265353
In base 3, what is 20010 - 100221001020010?
-100221001000000
In base 6, what is 30 - -2300444232?
2300444302
In base 9, what is -62 + 575510?
575437
In base 3, what is 11 - 2110101210?
-2110101122
In base 3, what is 10102211220010122 + -12?
10102211220010110
In base 5, what is -1004220 - -1011124?
1404
In base 11, what is 14 - 3113522?
-3113509
In base 9, what is -1018280 + 654?
-1017525
In base 3, what is 10 + 20121010000122121?
20121010000122201
In base 13, what is 8a5 - -3999?
4571
In base 13, what is c99 - 3aa9?
-2b10
In base 15, what is 4b - -1d01b5?
1d0211
In base 15, what is 1 - -61de3b?
61de3c
In base 6, what is 54052 + 45532?
144024
In base 2, what is 1100011110000000111111111000 + -100?
1100011110000000111111110100
In base 13, what is -c397 - 78?
-c442
In base 3, what is 212001111021121 + 0?
212001111021121
In base 13, what is -466 + 7945?
74ac
In base 13, what is -14 - -350a6?
35092
In base 7, what is -35032263023 - -5?
-35032263015
In base 3, what is -1121 - 10112112000220?
-10112112002111
In base 7, what is 3301 - -45042?
51343
In base 4, what is 10212321322 - 23?
10212321233
In base 6, what is 44011 + 41230?
125241
In base 15, what is 7e04 - -d4?
7ed8
In base 3, what is 22212011100 - -100201?
22212112001
In base 9, what is 20538 + -345?
20183
In base 14, what is -38c5 - 1014?
-48d9
In base 6, what is 155 - 2013143?
-2012544
In base 9, what is 8041761 + -115?
8041645
In base 8, what is 104311 - 14136?
70153
In base 9, what is -17567 - -10275?
-7282
In base 9, what is -3030 + -3581?
-6621
In base 12, what is 366 + 938b?
9735
In base 16, what is 180fba - -7?
180fc1
In base 15, what is -e497 + -196?
-e63d
In base 16, what is -6 - 4003f6?
-4003fc
In base 10, what is 56289613 - 3?
56289610
In base 16, what is 8c + -d4ca?
-d43e
In base 15, what is -b - -7b825d?
7b8252
In base 5, what is -342400042242 + 1?
-342400042241
In base 9, what is 40103441 + 5?
40103446
In base 15, what is -314a + -2ce?
-3429
In base 15, what is c + 1a5c9?
1a5d6
In base 9, what is -37880 - 262?
-38252
In base 13, what is 16aa18 - -110?
16ab28
In base 7, what is 1 - 11453454620?
-11453454616
In base 8, what is 7077 - 4033?
3044
In base 4, what is 321 + -223220123?
-223213202
In base 13, what is 18 - -27a309c?
27a30b7
In base 8, what is -11100 + -37731?
-51031
In base 4, what is 2211032201122 - 10?
2211032201112
In base 16, what is 18c7865 + -f?
18c7856
In base 12, what is 2014 - -17279?
19291
In base 9, what is -56324 + -271?
-56605
In base 10, what is 45 + -54824?
-54779
In base 6, what is -3 + -201311105?
-201311112
In base 15, what is 9e949e - -5?
9e94a4
In base 9, what is -15727816 - 0?
-15727816
In base 12, what is 9958347b - -1?
99583480
In base 6, what is -124433505 - -2?
-124433503
In base 12, what is -1542a1 - -77?
-154226
In base 3, what is -122 + -1112001010120?
-1112001011012
In base 6, what is -143 + 354353323?
354353140
In base 3, what is 21101122 - 2211221101?
-2120112202
In base 10, what is 182 - -107878?
108060
In base 11, what is -8618 - 7244?
-14861
In base 13, what is 2194204 - -5?
2194209
In base 16, what is 5 + 10b784?
10b789
In base 11, what is 48 - -601771?
601809
In base 2, what is -111001110 + -10000100110110?
-10001100000100
In base 11, what is -19173891 - -2?
-1917388a
In base 14, what is -33b2a + 30?
-33ada
In base 11, what is 5 - -28627803?
28627808
In base 9, what is -1 + -25863603?
-25863604
In base 14, what is -13 + -9480a?
-9481d
In base 2, what is 101 + 10010100001111101101100110?
10010100001111101101101011
In base 7, what is 32652325 - 3?
32652322
In base 2, what is 101111 - -11001101100001101000?
11001101100010010111
In base 4, what is 330111120012 - 10?
330111120002
In base 13, what is 397b - 238?
3743
In base 14, what is b + 78012?
7801d
In base 13, what is -2 + -11331099?
-1133109b
In base 2, what is -10000000101111111 - 1111100111001?
-10010000010111000
In base 11, what is -61850 + 3?
-61848
In base 14, what is -1dbda + 44?
-1db96
In base 15, what is -7 - -2a9900a?
2a99003
In base 13, what is -233 - 45b0c?
-46042
In base 7, what is 122246 + 1003?
123252
In base 3, what is -1 + 222200112011200?
222200112011122
In base 11, what is -30 + -595609?
-595639
In base 3, what is -101011 - -21010111100220?
21010110222202
In base 15, what is -2b61c + 32e?
-2b2dd
In base 10, what is 17074581 + -1?
17074580
In base 7, what is -164202305 - -4?
-164202301
In base 9, what is 26042 - -31258?
57311
In base 5, what is -11014200131 - -1?
-11014200130
In base 4, what is -323 - -1233303101?
1233302112
In base 15, what is -96cd55 + 9?
-96cd4b
In base 11, what is -4 + 745861?
745858
In base 7, what is -2 - -2055464030?
2055464025
In base 6, what is 10405 - 224415?
-214010
In base 16, what is -2 - -4fae2?
4fae0
In base 14, what is -3 - b5d1829?
-b5d182c
In base 9, what is 31 - 61074854?
-61074823
In base 9, what is 15506832 - 12?
15506820
In base 10, what is 0 - 38757480?
-38757480
In base 5, what is -131302403 + -34?
-131302442
In base 7, what is 350433 - 51?
350352
In base 14, what is 909b4 + 4a8?
9107c
In base 12, what is 2 - 28b7672?
-28b7670
In base 16, what is -1de93 - -b?
-1de88
In base 5, what is -2022101421 + -132?
-2022102103
In base 13, what is 1470b25c - 1?
1470b25b
In base 8, what is 3013 + -3662?
-647
In base 5, what is 1011200040 + -242?
1011144243
In base 7, what is -400666 + 1100?
-366566
In base 5, what is -1424212141 + 0?
-1424212141
In base 11, what is -1222850 - 108?
-1222958
In base 10, what is -181 - 94978?
-95159
In base 8, what is 13 + -23170?
-23155
In base 6, what is 2102 - 53433?
-51331
In base 8, what is -664 - -231401?
230515
In base 2, what is 1101010010011 + -10001110110?
1011000011101
In base 9, what is -13214630 - -221?
-13214408
In base 10, what is 2 - 872999?
-872997
In base 5, what is 1440341013 - 23?
1440340440
In base 4, what is -323330322 + 200?
-323330122
In base 4, what is -3 - -32221303130?
32221303121
In base 13, what is -a7a9145 + -7?
-a7a914c
In base 6, what is 414122522 - -4?
414122530
In base 16, what is -57 + -21c0c5?
-21c11c
In base 12, what is -764210 + 45?
-764187
In base 14, what is 424 - 24c4?
-20a0
In base 3, what is -11021 - 2000001210021?
-2000001221112
In base 9, what is 2 - 224726082?
-224726080
In base 2,